t - 215. Let l = -121 + c. What is the tens digit of l?
9
Suppose -2*o = 4*w - 168, -19 = -w + 3*o + 23. What is the tens digit of 7/(-49) + 48264/w?
4
Let j be (-203)/63 - -3 - 4838/18. Let k = -119 - j. Suppose 13*o - k = 552. What is the tens digit of o?
5
Let m = -33913 - -41513. What is the hundreds digit of m?
6
Suppose 12*k = 10*k + 8. Suppose 4*q - 5*j = 18, 0 = 3*q + k*j - 2 + 4. Suppose 0 = m + 2*t - q - 4, t + 12 = 2*m. What is the units digit of m?
6
Suppose -4*s + 27 = -2*s + 5*q, 4*s + 11 = 3*q. Let c(f) be the first derivative of 9*f**2 + 2*f + 128. What is the units digit of c(s)?
0
Suppose -2*p + 5*p = 450. Suppose s = 7*s + 372. Let y = s + p. What is the tens digit of y?
8
Let n = 57 - 12. Let l(f) = f**2 + 18*f + 8. Let k be l(-20). Let z = k - n. What is the units digit of z?
3
Suppose 2*b - 4968 = -306. Suppose 11*z - b = 4*z. What is the tens digit of z?
3
Suppose -68 - 68 = -q + 4*a, -5*q = -5*a - 665. Let r = q - -114. What is the hundreds digit of r?
2
Let n be (-76)/(-19)*(-2)/(-4). Let i be (-393)/(n + 1 - 4). Let p = -272 + i. What is the units digit of p?
1
Suppose -44*a - 197*a = -5601018 - 145145. What is the tens digit of a?
4
Suppose 258 = 2*r + 4*v, 0*r + r - 133 = 2*v. Let u = -41 + r. What is the units digit of (u/(-50))/((-3)/20)?
2
Let z be (-38)/(-5) - (-9)/(-15). Suppose -z*a + 14113 = 2794. What is the hundreds digit of a?
6
Let x(y) = 26*y**2 - y + 8. Let a(n) = 27*n**2 - 2*n + 9. Let h(t) = -2*a(t) + 3*x(t). Let j be h(3). What is the tens digit of -2 + 1/(5/j)?
4
Suppose -u = -4*y + 30, -2*u - 2*y - 30 = -0*y. Let n = u - -23. Suppose -5*s - n*k = -405, 248 = -2*s + 5*s + 4*k. What is the units digit of s?
6
Suppose 0 = -59*p + 64*p + 15, -5*p - 282355 = -5*m. What is the thousands digit of m?
6
Let c = 45 + 204. Let l = c - -56. What is the tens digit of l?
0
Let x(d) = -d**2 + 22*d - 5210. Let k be x(0). Let m = -3678 - k. What is the tens digit of m?
3
What is the tens digit of (3802/(-5))/((126/105)/(-6))?
0
Suppose -14*w + 16733 + 21195 = -4870. What is the hundreds digit of w?
0
Suppose 7 + 5 = 4*o. What is the hundreds digit of (-2676)/(-9) - o/9?
2
Suppose -116916 = -59*m + 1035826. What is the hundreds digit of m?
5
Let y be (-49)/(1 - 8) + (0 - 2). Suppose -o + 3*g = o - 243, y*o - 3*g - 594 = 0. What is the tens digit of o?
1
What is the hundreds digit of (-164)/(-738) - (-1)/2*(-142764)/(-27)?
6
Let l(c) = 151 - 63 - 55*c - 25*c + 21*c. What is the tens digit of l(-5)?
8
Let w be (0/(-3) + -6)/(6/(-16)). Suppose 2*o + 3*h + 3 = w, -4*h + 19 = o. What is the units digit of ((-42)/(2 + -3) - 0) + o?
1
Let r(t) be the second derivative of -t**4/12 + t**3/3 + t**2/2 - 21*t. Let y be r(3). What is the hundreds digit of 11803/87 + y/(-3)*-1?
1
Suppose 27757 = 11*i - 1437. What is the units digit of i*2/20 - 2/5?
5
Suppose -21*x + 461 = 125. Suppose 2*p - 3484 = -x*q + 13*q, 4*p = -4*q + 4644. What is the tens digit of q?
6
Let f(y) = 3*y**3 - y**2 - 6*y - 3. Let s(g) = -g**2 + 5*g + 3. Let t be s(5). Let a be f(t). Suppose -a = -4*n + 1. What is the tens digit of n?
1
Suppose 5*c - 3*c - 4*v - 15174 = 0, 0 = 3*c + 4*v - 22771. What is the units digit of c?
9
Let o = -25426 + 55806. What is the thousands digit of o?
0
Suppose 5*u - 31255 = 5*g, 3*u - g = 4*u - 6251. Suppose -5*q - 2*f - 1589 + u = 0, -4*q - 4*f + 3720 = 0. What is the tens digit of q?
3
Suppose -94160 = -57*r + 32*r + 17590. What is the thousands digit of r?
4
Let c = 245 - 111. Suppose -f - 2*a = -158, f + 5*a - 28 = 118. Suppose f + c = 5*n. What is the tens digit of n?
6
Let l be 6/(-4) + 9/2. Suppose -395 = -5*z - 0*z + l*r, 0 = -4*z - r + 299. Let y = z - 31. What is the tens digit of y?
4
Suppose 4*x = 3*b + 32232, -3*x - b = 10714 - 34901. What is the units digit of x?
1
Suppose 63 = 4*a - 57. Let w = a + -3. Let u = -6 + w. What is the tens digit of u?
2
Let q be (4/5)/(11 + 808765/(-73525)). Suppose 0 = -23*k - q + 34287. What is the thousands digit of k?
1
Suppose -67*b = -124*b + 403389. What is the units digit of b?
7
Suppose 16*p - 12*p - 116 = -4*x, 2*p + 5*x = 67. Suppose -p*n - 511 = -27*n. What is the hundreds digit of n?
5
Let p(m) = 40*m - 57. Let u be p(11). Let b = 511 - u. What is the units digit of b?
8
Let o(r) = 18*r**2 - 26*r - 49. What is the tens digit of o(15)?
1
Let w(d) = -d**3 - 33 + 7 + 30*d**2 + 2 - 21 + 57*d. What is the tens digit of w(31)?
6
Suppose a - 3 = -0*a. Suppose 151*s - 163*s = 0. Suppose a*c + 128 - 443 = s. What is the units digit of c?
5
Let u = 375 - -2325. What is the hundreds digit of ((-45)/(-10))/(-3) - u/(-8)?
3
Let b = -68368 + 111374. What is the thousands digit of b?
3
What is the hundreds digit of -9 - (43*(-765)/3 + 8)?
9
Let x = -77 + 86. What is the units digit of x/(-6) - -3 - 297/(-2)?
0
Let o(s) = 2*s**2 - 7*s - 1. Let i be o(4). Suppose -30 = -2*g - 0*g - 3*p, 2*p - 50 = -i*g. What is the tens digit of (g - 14) + (-80)/(-1)?
8
Let l(w) = w**2 + w - 145. Suppose -7*b - 3*d - 132 = -12*b, b = -3*d + 12. What is the units digit of l(b)?
5
Let x(b) = -b**3 - 6*b**2 - 8*b + 1. Let v be x(-4). Suppose 2*g - v = 5. What is the units digit of 28/g - (-8)/12?
0
Let h = -356 - -361. Suppose 2*n = -8, 0 = 5*i - 7*i + h*n + 832. What is the hundreds digit of i?
4
Let k = -73 + 45. Let u = k + -106. Let m = -73 - u. What is the units digit of m?
1
Suppose -27 - 78 = -21*y. Suppose -y*a - c = -1737, -4*a - 5*c + 1051 = -a. What is the tens digit of a?
4
Let x(z) = 132*z + 83. Let l be x(8). Let y = -696 + l. What is the tens digit of y?
4
Let i(j) = j**2 - 3*j + 9. Let u be (-8 - 0/(-2))/2. Let f be (1/u)/(2/8) - 3. What is the units digit of i(f)?
7
Let m be (-2)/(-5) - 840/(-25). Let d = m + -17. Suppose -d = -b + 7. What is the tens digit of b?
2
Let f(d) = -2*d**3 + 25*d**2 + 32*d - 28. Let p be f(17). Let a = p - -3030. What is the hundreds digit of a?
9
Let r be (-2 - 92/14)/((-42)/147). Suppose -r*j + 22*j = -5400. What is the tens digit of j?
7
Let t(q) = 2000*q**3 - 15*q**2 + 2*q + 1. What is the units digit of t(2)?
5
Let n be (-14)/(-147)*33351 + 6/(-21). Suppose -5*r + n = -2779. What is the thousands digit of r?
1
Let d(w) = -5723 - 2*w + 5830 - 6*w. What is the tens digit of d(-24)?
9
Suppose -28*v + 35*v - 13027 = 0. Suppose -2*c = -p - v, 0 = -3*c - 0*c + 4*p + 2789. What is the units digit of c?
1
Suppose 437*m - 233*m + 293620 = 224*m. What is the units digit of m?
1
Let d = -337 + 345. Let w(i) = 4*i**3 - 18*i**2 + 13*i - 20. What is the tens digit of w(d)?
8
Suppose 5*o + 3*u - 297056 = -3*o, 2*o + u = 74264. What is the ten thousands digit of o?
3
Suppose -136 = 4*o + 4*w, -4*o + 4*w - 3*w = 136. Let m(t) = -3*t**2 - 111*t - 63. What is the hundreds digit of m(o)?
2
Suppose 33 = 5*n + 2*o - 3137, -2536 = -4*n - 3*o. What is the tens digit of (0 - n)*(-5 + (-9)/(-2))?
1
Let d be -14*2/4*(-1 + 0). Suppose d*j = 228 + 542. Let f = 263 - j. What is the tens digit of f?
5
Let a = 56449 - 27908. What is the hundreds digit of a?
5
Suppose -3*o - 2*j + 16966 = 0, 5*o - 4208 - 24062 = -2*j. What is the hundreds digit of o?
6
Suppose -t - 5 = -12*i + 10*i, -5*i - 5 = t. Suppose 0*c + 8 = 4*c, -4*r - 5*c + 1354 = i. What is the units digit of r?
6
Let q(x) = 60*x - 775. Let h be q(13). Let s = -1 + 3. Suppose -3*d - 76 = -s*l, 3*l + h*d + 0*d = 152. What is the tens digit of l?
4
Let k = 32408 + -16541. What is the ten thousands digit of k?
1
Let c(k) = k**3 + 21*k**2 + 41*k - 3. Let s(r) = -r**3 + 2*r**2 + 12*r - 3. Let g be s(5). What is the units digit of c(g)?
1
Let n = 46 - 32. Let g = n + 21. Suppose 38*l = g*l + 462. What is the tens digit of l?
5
Let i(x) = 35*x**2 - 3*x. Let o be i(-3). Let b be (-33)/(-22)*9*-2*-1. Suppose 30*k = b*k + o. What is the hundreds digit of k?
1
Let s be (-1 - -1) + 8/(40/3185). Let q = -184 + s. What is the units digit of q?
3
Let f(y) = -2*y - 201. Let k(n) = n + 202. Let u be (-52)/(-39) + (-5)/(-3). Let s(p) = u*f(p) + 4*k(p). What is the tens digit of s(0)?
0
Let k(i) = -6*i - 14*i**2 + 19*i**2 - 8*i**3 - 4*i**2 - 5. What is the tens digit of k(-3)?
3
Suppose 0 = 20*j - 11*j + 81. What is the units digit of 2781/(-6)*18/j?
7
Let x be (18/15)/((-1)/5*-2). Suppose -x*i = -4*a - 2*i + 1715, 0 = 4*i + 12. Suppose 3*d = 5*u 